{"id":3,"date":"2025-10-02T15:49:30","date_gmt":"2025-10-02T15:49:30","guid":{"rendered":"http:\/\/emvosafety.com\/?page_id=3"},"modified":"2025-10-22T13:28:43","modified_gmt":"2025-10-22T11:28:43","slug":"polityka-prywatnosci","status":"publish","type":"page","link":"https:\/\/emvosafety.com\/index.php\/pl\/polityka-prywatnosci\/","title":{"rendered":"Polityka prywatno\u015bci"},"content":{"rendered":"\n<div class=\"wp-block-group is-layout-constrained wp-block-group-is-layout-constrained\"><\/div>\n\n\n\n<h1 class=\"wp-block-heading\">Polityka prywatno\u015bci<\/h1>\n\n\n\n<h2 class=\"wp-block-heading\">Kim jeste\u015bmy<\/h2>\n\n\n\n<p>Adres naszej strony internetowej to: <a href=\"https:\/\/emvosafety.com\">https:\/\/emvosafety.com<\/a>. Prezentujemy mo\u017cliwo\u015bci zwi\u0105zane z ocen\u0105 nara\u017cenia na pole elektromagnetyczne, a sp\u00f3\u0142k\u0105 sprawuj\u0105c\u0105 bezpo\u015bredni\u0105 opiek\u0119 nad projektem jest EMVO P.S.A. z siedzib\u0105 w Warszawie. Pe\u0142na nazwa przedsi\u0119biorstwa to EMVO PROSTA SP\u00d3\u0141KA AKCYJNA. Numer NIP: 5252955830. Numer REGON: 525288411.<\/p>\n\n\n\n<h2 class=\"wp-block-heading\">Jakie dane osobiste zbieramy i dlaczego je zbieramy<\/h2>\n\n\n\n<h3 class=\"wp-block-heading\">Komentarze<\/h3>\n\n\n\n<p>Kiedy odwiedzaj\u0105cy witryn\u0119 zostawia komentarz, zbieramy dane widoczne w formularzu komentowania, jak i adres IP odwiedzaj\u0105cego oraz podpis jego przegl\u0105darki jako pomoc przy wykrywaniu spamu.<\/p>\n\n\n\n<p>Zanonimizowany ci\u0105g znak\u00f3w stworzony na podstawie twojego adresu email (tak zwany hash) mo\u017ce zosta\u0107 przes\u0142any do us\u0142ugi Gravatar w celu sprawdzenia czy jej u\u017cywasz. Polityka prywatno\u015bci us\u0142ugi Gravatar jest dost\u0119pna tutaj: <a href=\"https:\/\/automattic.com\/privacy\/\">https:\/\/automattic.com\/privacy\/<\/a>. Po zatwierdzeniu komentarza tw\u00f3j obrazek profilowy jest widoczny publicznie w kontek\u015bcie twojego komentarza.<\/p>\n\n\n\n<h3 class=\"wp-block-heading\">Media<\/h3>\n\n\n\n<p>Je\u015bli jeste\u015b zarejestrowanym u\u017cytkownikiem i wgrywasz na witryn\u0119 obrazki, powiniene\u015b unika\u0107 przesy\u0142ania obrazk\u00f3w z tagami EXIF lokalizacji. Odwiedzaj\u0105cy stron\u0119 mog\u0105 pobra\u0107 i odczyta\u0107 pe\u0142ne dane lokalizacyjne z obrazk\u00f3w w witrynie.<\/p>\n\n\n\n<h3 class=\"wp-block-heading\">Ciasteczka<\/h3>\n\n\n\n<p>Je\u015bli zostawisz na naszej witrynie komentarz, b\u0119dziesz m\u00f3g\u0142 wybra\u0107 opcj\u0119 zapisu twojej nazwy, adresu email i adresu strony internetowej w ciasteczkach, dzi\u0119ki kt\u00f3rym podczas pisania kolejnych komentarzy powy\u017csze informacje b\u0119d\u0105 ju\u017c dogodnie uzupe\u0142nione. Te ciasteczka wygasaj\u0105 po roku.<\/p>\n\n\n\n<p>Je\u015bli odwiedzisz stron\u0119 logowania, utworzymy tymczasowe ciasteczko na potrzeby sprawdzenia czy twoja przegl\u0105darka akceptuje ciasteczka. To ciasteczko nie zawiera \u017cadnych danych osobistych i zostanie wyrzucone, kiedy zamkniesz przegl\u0105dark\u0119.<\/p>\n\n\n\n<p>Podczas logowania tworzymy dodatkowo kilka ciasteczek potrzebnych do zapisu twoich informacji logowania oraz wybranych opcji ekranu. Ciasteczka logowania wygasaj\u0105 po dw\u00f3ch dniach, a opcji ekranu po roku. Je\u015bli zaznaczysz opcj\u0119 \u201ePami\u0119taj mnie\u201d, logowanie wyga\u015bnie po dw\u00f3ch tygodniach. Je\u015bli wylogujesz si\u0119 ze swojego konta, ciasteczka logowania zostan\u0105 usuni\u0119te.<\/p>\n\n\n\n<p>Je\u015bli zmodyfikujesz albo opublikujesz artyku\u0142, w twojej przegl\u0105darce zostanie zapisane dodatkowe ciasteczko. To ciasteczko nie zawiera \u017cadnych danych osobistych, wskazuj\u0105c po prostu na identyfikator przed chwil\u0105 edytowanego artyku\u0142u. Wygasa ono po 1 dniu.<\/p>\n\n\n\n<h3 class=\"wp-block-heading\">Osadzone tre\u015bci z innych witryn<\/h3>\n\n\n\n<p>Artyku\u0142y na tej witrynie mog\u0105 zawiera\u0107 osadzone tre\u015bci (np. filmy, obrazki, artyku\u0142y itp.). Osadzone tre\u015bci z innych witryn zachowuj\u0105 si\u0119 analogicznie do tego, jakby u\u017cytkownik odwiedzi\u0142 bezpo\u015brednio konkretn\u0105 witryn\u0119.<\/p>\n\n\n\n<p>Witryny mog\u0105 zbiera\u0107 informacje o tobie, u\u017cywa\u0107 ciasteczek, do\u0142\u0105cza\u0107 dodatkowe, zewn\u0119trzne systemy \u015bledzenia i monitorowa\u0107 twoje interakcje z osadzonym materia\u0142em, w\u0142\u0105czaj\u0105c w to \u015bledzenie twoich interakcji z osadzonym materia\u0142em je\u015bli posiadasz konto i jeste\u015b zalogowany w tamtej witrynie.<\/p>\n\n\n\n<h2 class=\"wp-block-heading\">Jak d\u0142ugo przechowujemy twoje dane<\/h2>\n\n\n\n<p>Je\u015bli zostawisz komentarz, jego tre\u015b\u0107 i metadane b\u0119d\u0105 przechowywane przez czas nieokre\u015blony. Dzi\u0119ki temu jeste\u015bmy w stanie rozpoznawa\u0107 i zatwierdza\u0107 kolejne komentarze automatycznie, bez wysy\u0142ania ich do ka\u017cdorazowej moderacji.<\/p>\n\n\n\n<p>Dla u\u017cytkownik\u00f3w kt\u00f3rzy zarejestrowali si\u0119 na naszej stronie internetowej (je\u015bli tacy s\u0105), przechowujemy r\u00f3wnie\u017c informacje osobiste wprowadzone w profilu. Ka\u017cdy u\u017cytkownik mo\u017ce dokona\u0107 wgl\u0105du, korekty albo skasowa\u0107 swoje informacje osobiste w dowolnej chwili (nie licz\u0105c nazwy u\u017cytkownika, kt\u00f3rej nie mo\u017cna zmieni\u0107). Administratorzy strony r\u00f3wnie\u017c mog\u0105 przegl\u0105da\u0107 i modyfikowa\u0107 te informacje.<\/p>\n\n\n\n<h2 class=\"wp-block-heading\">Jakie masz prawa do swoich danych<\/h2>\n\n\n\n<p><strong><\/strong>Je\u015bli masz konto u\u017cytkownika albo doda\u0142e\u015b komentarze w tej witrynie, mo\u017cesz za\u017c\u0105da\u0107 dostarczenia pliku z wyeksportowanym kompletem twoich danych osobistych b\u0119d\u0105cych w naszym posiadaniu, w tym ca\u0142o\u015b\u0107 tych dostarczonych przez ciebie. Mo\u017cesz r\u00f3wnie\u017c za\u017c\u0105da\u0107 usuni\u0119cia przez nas ca\u0142o\u015bci twoich danych osobistych w naszym posiadaniu. Nie dotyczy to \u017cadnych danych kt\u00f3re jeste\u015bmy zobligowani zachowa\u0107 ze wzgl\u0119d\u00f3w administracyjnych, prawnych albo bezpiecze\u0144stwa.<\/p>\n\n\n\n<h2 class=\"wp-block-heading\">Gdzie przesy\u0142amy dane<\/h2>\n\n\n\n<p>Komentarze go\u015bci mog\u0105 by\u0107 sprawdzane za pomoc\u0105 automatycznej us\u0142ugi wykrywania spamu.<\/p>\n\n\n\n<h2 class=\"wp-block-heading\">Informacje dodatkowe: przetwarzanie danych osobowych na rzecz \u015bwiadczenia us\u0142ug<\/h2>\n\n\n\n<h3 class=\"wp-block-heading\">Jak chronimy twoje dane?<\/h3>\n\n\n\n<p>Pocz\u0105wszy od dnia 25 maja 2018 r. ma zastosowanie Rozporz\u0105dzenie Parlamentu Europejskiego i Rady (UE) 2016\/679 z dnia 27 kwietnia 2016 r. w sprawie ochrony os\u00f3b fizycznych w zwi\u0105zku z przetwarzaniem danych osobowych i w sprawie swobodnego przep\u0142ywu takich danych oraz uchylenia dyrektywy 95\/46\/WE (og\u00f3lne rozporz\u0105dzenie o ochronie danych) (dalej: \u201eRODO\u201d).<\/p>\n\n\n\n<p>Administratorami danych osobowych s\u0105: Emvo Prosta Sp\u00f3\u0142ka Akcyjna (wszelkie dane dotycz\u0105ce odwiedzin strony oraz statystyki), Alphabet Inc. (niekt\u00f3re spo\u015br\u00f3d danych statystycznych dotycz\u0105cych wykorzystywania strony internetowej), podmioty z kt\u00f3rymi Emvo Prosta Sp\u00f3\u0142ka Akcyjna podejmuje sta\u0142\u0105 lub tymczasow\u0105 wsp\u00f3\u0142prac\u0119 maj\u0105c\u0105 na celu spe\u0142ni\u0107 \u017c\u0105dania Klienta zwi\u0105zane z wykonywaniem czynno\u015bci (w tym zawarcie umowy z Klientem).<\/p>\n\n\n\n<p>Twoje dane osobowe przetwarzamy w celu:<\/p>\n\n\n\n<ol class=\"wp-block-list\">\n<li>\u015bwiadczenia us\u0142ug drog\u0105 elektroniczn\u0105 w zakresie udost\u0119pniana u\u017cytkownikom tre\u015bci gromadzonych w serwisie, zgodnie z regulaminem \u015bwiadczenia us\u0142ug drog\u0105 elektroniczn\u0105 (art. 6 ust. 1 lit. b RODO);<\/li>\n\n\n\n<li>analitycznym i statystycznym oraz poprawy stosowanych funkcjonalno\u015bci i \u015bwiadczonych us\u0142ug w oparciu o prezentacje u\u017cytkownik\u00f3w, co stanowi realizacj\u0119 naszego prawnie uzasadnionego interesu (art. 6 ust. 1 lit. f RODO);<\/li>\n\n\n\n<li>ewentualnego ustalenia, dochodzenia lub obrony przed roszczeniami b\u0119d\u0105cym realizacj\u0105 naszego prawnie uzasadnionego interesu (art. 6 ust. 1 lit. f RODO);<\/li>\n\n\n\n<li>marketingowym administratora danych osobowych oraz innych podmiot\u00f3w, w oparciu o dane zebrane przy pomocy plik\u00f3w cookies i podobnej technologii.<\/li>\n<\/ol>\n\n\n\n<p>Aktywno\u015b\u0107 u\u017cytkownika w serwisie, w tym jego dane osobowe, s\u0105 rejestrowane w logach systemowych (specjalnym programie komputerowym s\u0142u\u017c\u0105cym do przechowywania chronologicznego zapisu zawieraj\u0105cego informacj\u0119 o zdarzeniach i dzia\u0142aniach, kt\u00f3re dotycz\u0105 systemu informatycznego s\u0142u\u017c\u0105cego do \u015bwiadczenia us\u0142ug przez administratora danych osobowych). Zebrane w logach informacje przetwarzamy przede wszystkim w celach zwi\u0105zanych ze \u015bwiadczeniem us\u0142ug drog\u0105 elektroniczn\u0105. Twoje dane osobowe przetwarzamy r\u00f3wnie\u017c w celach technicznych, administracyjnych, na potrzeby zapewnienia bezpiecze\u0144stwa systemu informatycznego oraz zarz\u0105dzania tym systemem, a tak\u017ce w celach analitycznych i statystycznych \u2013 w tym zakresie podstaw\u0105 prawn\u0105 przetwarzania jest nasz prawnie uzasadniony interes (art. 6 ust. 1 lit. f RODO).<\/p>\n\n\n\n<p>Podczas pozyskiwania Twoich danych osobowych administrator danych osobowych przekazuje Ci wszelkie informacje wynikaj\u0105ce z art. 13 RODO. W przypadku, w kt\u00f3rym administrator pozyska Twoje dane osobowe z innego \u017ar\u00f3d\u0142a i b\u0119dzie to wymagane prawem, administrator danych osobowych przeka\u017ce Ci tak\u017ce wszelkie informacje wynikaj\u0105ce z art. 14 RODO najp\u00f3\u017aniej w ci\u0105gu miesi\u0105ca od ich pozyskania, przy pierwszej komunikacji lub przy ujawnieniu danych innemu odbiorcy. W Polityce prywatno\u015bci znajdziesz informacje o tym, w jakich celach i w jaki spos\u00f3b przetwarzaj\u0105 dane osobowe administratorzy danych osobowych nale\u017c\u0105cy do Emvo Prosta Sp\u00f3\u0142ka Akcyjna, w zwi\u0105zku z korzystaniem ze strony <a href=\"https:\/\/emvosafety.com\">https:\/\/emvosafety.com<\/a>. W sprawach dotycz\u0105cych ochrony Twoich danych osobowych nale\u017cy kontaktowa\u0107 si\u0119 pisemnie pod adres firmy:<\/p>\n\n\n\n<p>EMVO P.S.A.<br>ul. Jasna 1<br>00-013 Warszawa<br><br>Mo\u017cna r\u00f3wnie\u017c kontaktowa\u0107 si\u0119 mailowo pod adres <a href=\"mailto:kontakt@emvosafety.com\">kontakt@emvosafety.com<\/a>.<\/p>\n\n\n\n<p>W zwi\u0105zku z przetwarzaniem przez nas Twoich danych osobowych, przys\u0142uguj\u0105 Ci nast\u0119puj\u0105ce uprawnienia:<\/p>\n\n\n\n<ul class=\"wp-block-list\">\n<li>prawo do wycofania zgody (tam, gdzie podstaw\u0105 prawn\u0105 przetwarzania jest zgoda) w dowolnym momencie. Wycofanie przez Ciebie zgody nie b\u0119dzie jednak mie\u0107 wp\u0142ywu na zgodno\u015b\u0107 z prawem przetwarzania dokonanego przed jej wycofaniem;<\/li>\n\n\n\n<li>prawo dost\u0119pu do Twoich danych oraz otrzymania ich kopii;<\/li>\n\n\n\n<li>prawo sprostowania Twoich danych;<\/li>\n\n\n\n<li>prawo usuni\u0119cia lub ograniczenia przetwarzania danych;<\/li>\n\n\n\n<li>prawo do wniesienia sprzeciwu wobec przetwarzania danych, maj\u0105cego za podstaw\u0119 nasz prawnie uzasadniony interes;<\/li>\n\n\n\n<li>prawo przenoszenia danych;<\/li>\n\n\n\n<li>prawo wniesienia skargi do organu nadzorczego (w Polsce jest nim Prezes Urz\u0119du Ochrony Danych Osobowych z siedzib\u0105 przy ul. Stawki 2, 00-193 Warszawa).<\/li>\n<\/ul>\n\n\n\n<p>D\u0142ugo\u015b\u0107 okresu przechowywania przez nas Twoich danych osobowych zale\u017cy od celu przetwarzania oraz przepis\u00f3w, kt\u00f3re stanowi\u0105 podstaw\u0119 prawn\u0105 przetwarzania. Twoje dane b\u0119dziemy przechowywa\u0107:<\/p>\n\n\n\n<ul class=\"wp-block-list\">\n<li>gdy podstaw\u0105 przetwarzania jest zgoda \u2013 do momentu wycofania zgody;<\/li>\n\n\n\n<li>gdy podstaw\u0105 przetwarzania jest umowa \u2013 do momentu przedawnienia roszcze\u0144 z tytu\u0142u umowy;<\/li>\n\n\n\n<li>gdy podstaw\u0105 przetwarzania jest prawnie uzasadniony interes \u2013 przez okres umo\u017cliwiaj\u0105cy realizacj\u0119 tego interesu lub do momentu zg\u0142oszenia skutecznego sprzeciwu wobec przetwarzania.<\/li>\n<\/ul>\n\n\n\n<h3 class=\"wp-block-heading\">Jakie mamy obowi\u0105zuj\u0105ce procedury w przypadku naruszenia prywatno\u015bci danych<\/h3>\n\n\n\n<p>W przypadku naruszenia prywatno\u015bci danych nale\u017cy skontaktowa\u0107 si\u0119 pisemnie pod adres firmy:<\/p>\n\n\n\n<p>EMVO P.S.A.<br>ul. Jasna 1<br>00-013 Warszawa<\/p>\n\n\n\n<p>Mo\u017cna r\u00f3wnie\u017c kontaktowa\u0107 si\u0119 mailowo pod adresem <a href=\"mailto:kontakt@emvosafety.com\">kontakt@emvosafety.com<\/a>.<\/p>\n\n\n\n<p>Mo\u017cna r\u00f3wnie\u017c wnie\u015b\u0107 skarg\u0119 do organu nadzorczego (w Polsce jest to Prezes Urz\u0119du Ochrony Danych Osobowych z siedzib\u0105 przy ul. Stawki 2, 00-193 Warszawa).<\/p>\n\n\n\n<div class=\"wp-block-group is-layout-constrained wp-block-group-is-layout-constrained\"><\/div>\n","protected":false},"excerpt":{"rendered":"<p>Polityka prywatno\u015bci Kim jeste\u015bmy Adres naszej strony internetowej to: https:\/\/emvosafety.com. Prezentujemy mo\u017cliwo\u015bci zwi\u0105zane z ocen\u0105 nara\u017cenia na pole elektromagnetyczne, a [&hellip;]<\/p>\n","protected":false},"author":1,"featured_media":0,"parent":0,"menu_order":0,"comment_status":"closed","ping_status":"open","template":"","meta":{"inline_featured_image":false,"site-sidebar-layout":"default","site-content-layout":"","ast-site-content-layout":"default","site-content-style":"default","site-sidebar-style":"default","ast-global-header-display":"","ast-banner-title-visibility":"","ast-main-header-display":"","ast-hfb-above-header-display":"","ast-hfb-below-header-display":"","ast-hfb-mobile-header-display":"","site-post-title":"disabled","ast-breadcrumbs-content":"","ast-featured-img":"","footer-sml-layout":"","ast-disable-related-posts":"","theme-transparent-header-meta":"","adv-header-id-meta":"","stick-header-meta":"","header-above-stick-meta":"","header-main-stick-meta":"","header-below-stick-meta":"","astra-migrate-meta-layouts":"default","ast-page-background-enabled":"default","ast-page-background-meta":{"desktop":{"background-color":"var(--ast-global-color-5)","background-image":"","background-repeat":"repeat","background-position":"center center","background-size":"auto","background-attachment":"scroll","background-type":"","background-media":"","overlay-type":"","overlay-color":"","overlay-opacity":"","overlay-gradient":""},"tablet":{"background-color":"","background-image":"","background-repeat":"repeat","background-position":"center center","background-size":"auto","background-attachment":"scroll","background-type":"","background-media":"","overlay-type":"","overlay-color":"","overlay-opacity":"","overlay-gradient":""},"mobile":{"background-color":"","background-image":"","background-repeat":"repeat","background-position":"center center","background-size":"auto","background-attachment":"scroll","background-type":"","background-media":"","overlay-type":"","overlay-color":"","overlay-opacity":"","overlay-gradient":""}},"ast-content-background-meta":{"desktop":{"background-color":"var(--ast-global-color-4)","background-image":"","background-repeat":"repeat","background-position":"center center","background-size":"auto","background-attachment":"scroll","background-type":"","background-media":"","overlay-type":"","overlay-color":"","overlay-opacity":"","overlay-gradient":""},"tablet":{"background-color":"var(--ast-global-color-4)","background-image":"","background-repeat":"repeat","background-position":"center center","background-size":"auto","background-attachment":"scroll","background-type":"","background-media":"","overlay-type":"","overlay-color":"","overlay-opacity":"","overlay-gradient":""},"mobile":{"background-color":"var(--ast-global-color-4)","background-image":"","background-repeat":"repeat","background-position":"center center","background-size":"auto","background-attachment":"scroll","background-type":"","background-media":"","overlay-type":"","overlay-color":"","overlay-opacity":"","overlay-gradient":""}},"footnotes":""},"class_list":["post-3","page","type-page","status-publish","hentry"],"yoast_head":"<!-- This site is optimized with the Yoast SEO plugin v26.9 - https:\/\/yoast.com\/product\/yoast-seo-wordpress\/ -->\n<title>Polityka prywatno\u015bci - EMVO Safety<\/title>\n<meta name=\"robots\" content=\"index, follow, max-snippet:-1, max-image-preview:large, max-video-preview:-1\" \/>\n<link rel=\"canonical\" href=\"https:\/\/emvosafety.com\/index.php\/pl\/polityka-prywatnosci\/\" \/>\n<meta property=\"og:locale\" content=\"pl_PL\" \/>\n<meta property=\"og:type\" content=\"article\" \/>\n<meta property=\"og:title\" content=\"Polityka prywatno\u015bci - EMVO Safety\" \/>\n<meta property=\"og:description\" content=\"Polityka prywatno\u015bci Kim jeste\u015bmy Adres naszej strony internetowej to: https:\/\/emvosafety.com. Prezentujemy mo\u017cliwo\u015bci zwi\u0105zane z ocen\u0105 nara\u017cenia na pole elektromagnetyczne, a [&hellip;]\" \/>\n<meta property=\"og:url\" content=\"https:\/\/emvosafety.com\/index.php\/pl\/polityka-prywatnosci\/\" \/>\n<meta property=\"og:site_name\" content=\"EMVO Safety\" \/>\n<meta property=\"article:modified_time\" content=\"2025-10-22T11:28:43+00:00\" \/>\n<meta name=\"twitter:card\" content=\"summary_large_image\" \/>\n<meta name=\"twitter:label1\" content=\"Szacowany czas czytania\" \/>\n\t<meta name=\"twitter:data1\" content=\"8 minut\" \/>\n<script type=\"application\/ld+json\" class=\"yoast-schema-graph\">{\"@context\":\"https:\/\/schema.org\",\"@graph\":[{\"@type\":\"WebPage\",\"@id\":\"https:\/\/emvosafety.com\/index.php\/pl\/polityka-prywatnosci\/\",\"url\":\"https:\/\/emvosafety.com\/index.php\/pl\/polityka-prywatnosci\/\",\"name\":\"Polityka prywatno\u015bci - EMVO Safety\",\"isPartOf\":{\"@id\":\"https:\/\/emvosafety.com\/#website\"},\"datePublished\":\"2025-10-02T15:49:30+00:00\",\"dateModified\":\"2025-10-22T11:28:43+00:00\",\"breadcrumb\":{\"@id\":\"https:\/\/emvosafety.com\/index.php\/pl\/polityka-prywatnosci\/#breadcrumb\"},\"inLanguage\":\"pl-PL\",\"potentialAction\":[{\"@type\":\"ReadAction\",\"target\":[\"https:\/\/emvosafety.com\/index.php\/pl\/polityka-prywatnosci\/\"]}]},{\"@type\":\"BreadcrumbList\",\"@id\":\"https:\/\/emvosafety.com\/index.php\/pl\/polityka-prywatnosci\/#breadcrumb\",\"itemListElement\":[{\"@type\":\"ListItem\",\"position\":1,\"name\":\"Strona g\u0142\u00f3wna\",\"item\":\"https:\/\/emvosafety.com\/index.php\/pl\/\"},{\"@type\":\"ListItem\",\"position\":2,\"name\":\"Polityka prywatno\u015bci\"}]},{\"@type\":\"WebSite\",\"@id\":\"https:\/\/emvosafety.com\/#website\",\"url\":\"https:\/\/emvosafety.com\/\",\"name\":\"EMVO Safety\",\"description\":\"Kompleksowe rozwi\u0105zania bezpiecze\u0144stwa w polu elektromagnetycznym\",\"publisher\":{\"@id\":\"https:\/\/emvosafety.com\/#organization\"},\"potentialAction\":[{\"@type\":\"SearchAction\",\"target\":{\"@type\":\"EntryPoint\",\"urlTemplate\":\"https:\/\/emvosafety.com\/?s={search_term_string}\"},\"query-input\":{\"@type\":\"PropertyValueSpecification\",\"valueRequired\":true,\"valueName\":\"search_term_string\"}}],\"inLanguage\":\"pl-PL\"},{\"@type\":\"Organization\",\"@id\":\"https:\/\/emvosafety.com\/#organization\",\"name\":\"EMVO\",\"url\":\"https:\/\/emvosafety.com\/\",\"logo\":{\"@type\":\"ImageObject\",\"inLanguage\":\"pl-PL\",\"@id\":\"https:\/\/emvosafety.com\/#\/schema\/logo\/image\/\",\"url\":\"https:\/\/emvosafety.com\/wp-content\/uploads\/2025\/10\/EMVOSafety_logo_strona_svg.svg\",\"contentUrl\":\"https:\/\/emvosafety.com\/wp-content\/uploads\/2025\/10\/EMVOSafety_logo_strona_svg.svg\",\"width\":440,\"height\":100,\"caption\":\"EMVO\"},\"image\":{\"@id\":\"https:\/\/emvosafety.com\/#\/schema\/logo\/image\/\"}}]}<\/script>\n<!-- \/ Yoast SEO plugin. -->","yoast_head_json":{"title":"Polityka prywatno\u015bci - EMVO Safety","robots":{"index":"index","follow":"follow","max-snippet":"max-snippet:-1","max-image-preview":"max-image-preview:large","max-video-preview":"max-video-preview:-1"},"canonical":"https:\/\/emvosafety.com\/index.php\/pl\/polityka-prywatnosci\/","og_locale":"pl_PL","og_type":"article","og_title":"Polityka prywatno\u015bci - EMVO Safety","og_description":"Polityka prywatno\u015bci Kim jeste\u015bmy Adres naszej strony internetowej to: https:\/\/emvosafety.com. Prezentujemy mo\u017cliwo\u015bci zwi\u0105zane z ocen\u0105 nara\u017cenia na pole elektromagnetyczne, a [&hellip;]","og_url":"https:\/\/emvosafety.com\/index.php\/pl\/polityka-prywatnosci\/","og_site_name":"EMVO Safety","article_modified_time":"2025-10-22T11:28:43+00:00","twitter_card":"summary_large_image","twitter_misc":{"Szacowany czas czytania":"8 minut"},"schema":{"@context":"https:\/\/schema.org","@graph":[{"@type":"WebPage","@id":"https:\/\/emvosafety.com\/index.php\/pl\/polityka-prywatnosci\/","url":"https:\/\/emvosafety.com\/index.php\/pl\/polityka-prywatnosci\/","name":"Polityka prywatno\u015bci - EMVO Safety","isPartOf":{"@id":"https:\/\/emvosafety.com\/#website"},"datePublished":"2025-10-02T15:49:30+00:00","dateModified":"2025-10-22T11:28:43+00:00","breadcrumb":{"@id":"https:\/\/emvosafety.com\/index.php\/pl\/polityka-prywatnosci\/#breadcrumb"},"inLanguage":"pl-PL","potentialAction":[{"@type":"ReadAction","target":["https:\/\/emvosafety.com\/index.php\/pl\/polityka-prywatnosci\/"]}]},{"@type":"BreadcrumbList","@id":"https:\/\/emvosafety.com\/index.php\/pl\/polityka-prywatnosci\/#breadcrumb","itemListElement":[{"@type":"ListItem","position":1,"name":"Strona g\u0142\u00f3wna","item":"https:\/\/emvosafety.com\/index.php\/pl\/"},{"@type":"ListItem","position":2,"name":"Polityka prywatno\u015bci"}]},{"@type":"WebSite","@id":"https:\/\/emvosafety.com\/#website","url":"https:\/\/emvosafety.com\/","name":"EMVO Safety","description":"Kompleksowe rozwi\u0105zania bezpiecze\u0144stwa w polu elektromagnetycznym","publisher":{"@id":"https:\/\/emvosafety.com\/#organization"},"potentialAction":[{"@type":"SearchAction","target":{"@type":"EntryPoint","urlTemplate":"https:\/\/emvosafety.com\/?s={search_term_string}"},"query-input":{"@type":"PropertyValueSpecification","valueRequired":true,"valueName":"search_term_string"}}],"inLanguage":"pl-PL"},{"@type":"Organization","@id":"https:\/\/emvosafety.com\/#organization","name":"EMVO","url":"https:\/\/emvosafety.com\/","logo":{"@type":"ImageObject","inLanguage":"pl-PL","@id":"https:\/\/emvosafety.com\/#\/schema\/logo\/image\/","url":"https:\/\/emvosafety.com\/wp-content\/uploads\/2025\/10\/EMVOSafety_logo_strona_svg.svg","contentUrl":"https:\/\/emvosafety.com\/wp-content\/uploads\/2025\/10\/EMVOSafety_logo_strona_svg.svg","width":440,"height":100,"caption":"EMVO"},"image":{"@id":"https:\/\/emvosafety.com\/#\/schema\/logo\/image\/"}}]}},"_links":{"self":[{"href":"https:\/\/emvosafety.com\/index.php\/wp-json\/wp\/v2\/pages\/3","targetHints":{"allow":["GET"]}}],"collection":[{"href":"https:\/\/emvosafety.com\/index.php\/wp-json\/wp\/v2\/pages"}],"about":[{"href":"https:\/\/emvosafety.com\/index.php\/wp-json\/wp\/v2\/types\/page"}],"author":[{"embeddable":true,"href":"https:\/\/emvosafety.com\/index.php\/wp-json\/wp\/v2\/users\/1"}],"replies":[{"embeddable":true,"href":"https:\/\/emvosafety.com\/index.php\/wp-json\/wp\/v2\/comments?post=3"}],"version-history":[{"count":5,"href":"https:\/\/emvosafety.com\/index.php\/wp-json\/wp\/v2\/pages\/3\/revisions"}],"predecessor-version":[{"id":234,"href":"https:\/\/emvosafety.com\/index.php\/wp-json\/wp\/v2\/pages\/3\/revisions\/234"}],"wp:attachment":[{"href":"https:\/\/emvosafety.com\/index.php\/wp-json\/wp\/v2\/media?parent=3"}],"curies":[{"name":"wp","href":"https:\/\/api.w.org\/{rel}","templated":true}]}}